 divided by 1814?
20
What is the remainder when 10464322 is divided by 630?
22
Calculate the remainder when 67961363 is divided by 877.
2
What is the remainder when 24022 is divided by 1053?
856
Calculate the remainder when 323203 is divided by 808.
3
Calculate the remainder when 121746 is divided by 2297.
5
Calculate the remainder when 1319797 is divided by 1286.
361
What is the remainder when 339731040 is divided by 697?
694
What is the remainder when 7249543 is divided by 805504?
7
Calculate the remainder when 20509 is divided by 19931.
578
What is the remainder when 50687591 is divided by 2204?
2203
Calculate the remainder when 59881812 is divided by 80.
52
What is the remainder when 24446448 is divided by 2255?
2248
What is the remainder when 20512965 is divided by 88?
77
What is the remainder when 17983151 is divided by 310054?
19
What is the remainder when 5217697 is divided by 474335?
12
What is the remainder when 118647 is divided by 59?
57
What is the remainder when 1427697 is divided by 15?
12
What is the remainder when 17350 is divided by 17279?
71
Calculate the remainder when 88718059 is divided by 177.
172
What is the remainder when 101680 is divided by 5307?
847
What is the remainder when 758074209 is divided by 63?
60
Calculate the remainder when 25125895 is divided by 2762.
2743
Calculate the remainder when 94466 is divided by 1125.
1091
What is the remainder when 1771957 is divided by 1675?
1482
What is the remainder when 132608 is divided by 1768?
8
What is the remainder when 481211327 is divided by 3796?
3795
What is the remainder when 451350 is divided by 2752?
22
Calculate the remainder when 16718467 is divided by 10.
7
What is the remainder when 42870301 is divided by 7086?
1
What is the remainder when 230474 is divided by 157?
155
What is the remainder when 22421 is divided by 2050?
1921
What is the remainder when 16391 is divided by 5403?
182
What is the remainder when 1086579 is divided by 411?
306
Calculate the remainder when 997483535 is divided by 20.
15
Calculate the remainder when 2354395 is divided by 2180.
2175
Calculate the remainder when 723886 is divided by 2627.
1461
Calculate the remainder when 216527 is divided by 3189.
2864
What is the remainder when 3163 is divided by 1200?
763
What is the remainder when 31423 is divided by 1358?
189
Calculate the remainder when 472319521 is divided by 25.
21
What is the remainder when 94062 is divided by 86210?
7852
Calculate the remainder when 795701 is divided by 132593.
143
Calculate the remainder when 79527512 is divided by 85.
67
What is the remainder when 29915 is divided by 7255?
895
What is the remainder when 10894819 is divided by 22099?
12
Calculate the remainder when 249226 is divided by 24811.
1116
Calculate the remainder when 207542 is divided by 2413.
24
What is the remainder when 155300 is divided by 19404?
68
What is the remainder when 23731449 is divided by 447763?
10
What is the remainder when 16947 is divided by 14335?
2612
Calculate the remainder when 53108238 is divided by 227.
226
Calculate the remainder when 39140286 is divided by 19570137.
12
Calculate the remainder when 2801189 is divided by 109.
107
Calculate the remainder when 19164553 is divided by 6084.
6037
What is the remainder when 788700 is divided by 3087?
1515
What is the remainder when 1184601 is divided by 890?
11
What is the remainder when 1746780 is divided by 1012?
68
What is the remainder when 4508366 is divided by 608?
46
Calculate the remainder when 2013138 is divided by 100656.
18
Calculate the remainder when 526495 is divided by 162.
157
Calculate the remainder when 1780879 is divided by 71235.
4
What is the remainder when 36471070 is divided by 2239?
2238
Calculate the remainder when 8810106 is divided by 163150.
6
Calculate the remainder when 236671 is divided by 191.
22
What is the remainder when 8648316 is divided by 434?
432
Calculate the remainder when 662043 is divided by 16145.
98
What is the remainder when 34997 is divided by 3173?
94
Calculate the remainder when 51369461 is divided by 31515.
11
Calculate the remainder when 5791280 is divided by 44.
0
Calculate the remainder when 22165562 is divided by 32.
26
Calculate the remainder when 22934165 is divided by 278.
277
What is the remainder when 66573031 is divided by 40?
31
Calculate the remainder when 15881470 is divided by 576.
574
Calculate the remainder when 1671074 is divided by 75957.
20
Calculate the remainder when 3142634 is divided by 18.
14
Calculate the remainder when 5713191 is divided by 1904391.
18
Calculate the remainder when 503742 is divided by 61.
4
What is the remainder when 545489432 is divided by 157?
154
What is the remainder when 905779276 is divided by 9402?
9400
Calculate the remainder when 773605 is divided by 942.
223
Calculate the remainder when 434658 is divided by 27095.
1138
Calculate the remainder when 3235404 is divided by 747.
147
What is the remainder when 695874 is divided by 347913?
48
Calculate the remainder when 197746678 is divided by 1720.
1718
What is the remainder when 774424 is divided by 387118?
188
What is the remainder when 10510 is divided by 7409?
3101
What is the remainder when 488616 is divided by 209?
183
Calculate the remainder when 358850 is divided by 722.
16
Calculate the remainder when 10295879 is divided by 10295873.
6
What is the remainder when 24912314 is divided by 194?
192
What is the remainder when 327093 is divided by 65401?
88
Calculate the remainder when 416100 is divided by 6.
0
Calculate the remainder when 205128 is divided by 812.
504
What is the remainder when 795404 is divided by 795373?
31
What is the remainder when 16021 is divided by 76?
61
Calculate the remainder when 10826901 is divided by 984263.
8
What is the remainder when 92293 is divided by 91860?
433
What is the remainder when 5926264 is divided by 348601?
47
What is the remainder when 9578 is divided by 1177?
162
Calculate the remainder when 4262867 is divided by 4262854.
13
Calculate the remainder when 11155286 is divided by 227657.
93
Calculate the remainder when 5422172 is divided by 338853.
524
What is the remainder when 199903 is divided by 22?
11
Calculate the remainder when 1713625 is divided by 99.
34
What is the remainder when 29348169 is divided by 126?
123
What is the remainder when 52624796 is divided by 420998?
46
What is the remainder when 158681 is divided by 451?
380
Calculate the remainder when 256707585 is divided by 19746737.
4
Calculate the remainder when 2401399 is divided by 1119.
25
Calculate the remainder when 6849810 is divided by 1302.
1290
Calculate the remainder when 1930644 is divided by 224.
212
Calculate the remainder when 4636349 is divided by 225.
224
Calculate the remainder when 3232595 is divided by 50.
45
What is the remainder when 909845 is divided by 629?
311
Calculate the remainder when 170662290 is divided by 168.
162
Calculate the remainder when 386025 is divided by 429.
354
Calculate the remainder when 148638 is divided by 1327.
14
What is the remainder when 1024145 is divided by 101?
5
What is the remainder when 326895 is divided by 242?
195
What is the remainder when 37013 is divided by 18324?
365
Calculate the remainder when 1272766 is divided by 605.
451
Calculate the remainder when 13392110 is divided by 57724.
142
What is the remainder when 211852 is divided by 5718?
286
What is the remainder when 4938200 is divided by 105065?
145
What is the remainder when 360093 is divided by 11246?
221
What is the remainder when 3154720 is divided by 4725?
3145
What is the remainder when 49386754 is divided by 1255?
1249
What is the remainder when 3566111 is divided by 2904?
2903
What is the remainder when 80832359 is divided by 588?
587
What is the remainder when 1946807 is divided by 95?
67
What is the remainder when 167725 is divided by 2927?
886
Calculate the remainder when 49920 is divided by 616.
24
Calculate the remainder when 86563 is divided by 1273.
1272
Calculate the remainder when 8252595 is divided by 43.
35
What is the remainder when 37049 is divided by 2057?
23
Calculate the remainder when 4089882 is divided by 599.
509
Calculate the remainder when 761505 is divided by 2253.
2244
What is the remainder when 9108616 is divided by 28